 is divided by 450?
388
Calculate the remainder when 3313 is divided by 256.
241
Calculate the remainder when 45647 is divided by 760.
47
Calculate the remainder when 566980 is divided by 139.
138
Calculate the remainder when 19439 is divided by 72.
71
What is the remainder when 2227 is divided by 1017?
193
Calculate the remainder when 544505 is divided by 2.
1
Calculate the remainder when 880770 is divided by 31.
29
Calculate the remainder when 10311 is divided by 175.
161
What is the remainder when 40843 is divided by 138?
133
Calculate the remainder when 270783 is divided by 31.
29
What is the remainder when 14245 is divided by 677?
28
What is the remainder when 192002 is divided by 669?
668
What is the remainder when 8563 is divided by 481?
386
Calculate the remainder when 148672 is divided by 24776.
16
Calculate the remainder when 775 is divided by 85.
10
What is the remainder when 24384 is divided by 15?
9
Calculate the remainder when 233930 is divided by 116918.
94
What is the remainder when 2549 is divided by 593?
177
What is the remainder when 3207334 is divided by 20?
14
Calculate the remainder when 5722 is divided by 1880.
82
What is the remainder when 63564 is divided by 37?
35
Calculate the remainder when 743 is divided by 192.
167
Calculate the remainder when 678678 is divided by 219.
216
Calculate the remainder when 20743 is divided by 364.
359
What is the remainder when 2914 is divided by 1443?
28
What is the remainder when 246 is divided by 87?
72
What is the remainder when 461310 is divided by 19?
9
Calculate the remainder when 1001 is divided by 959.
42
Calculate the remainder when 436027 is divided by 48447.
4
Calculate the remainder when 26236 is divided by 324.
316
Calculate the remainder when 39276 is divided by 1225.
76
Calculate the remainder when 455 is divided by 165.
125
Calculate the remainder when 46108 is divided by 352.
348
What is the remainder when 15874 is divided by 24?
10
What is the remainder when 121160 is divided by 133?
130
Calculate the remainder when 1640 is divided by 313.
75
What is the remainder when 31721 is divided by 101?
7
Calculate the remainder when 6462 is divided by 59.
31
Calculate the remainder when 72825 is divided by 19.
17
Calculate the remainder when 60778 is divided by 8.
2
What is the remainder when 1095249 is divided by 33?
12
Calculate the remainder when 18286 is divided by 55.
26
Calculate the remainder when 8460 is divided by 768.
12
What is the remainder when 52171 is divided by 28?
7
Calculate the remainder when 3602824 is divided by 27.
25
Calculate the remainder when 8145 is divided by 8095.
50
Calculate the remainder when 1360 is divided by 703.
657
Calculate the remainder when 26003 is divided by 12.
11
Calculate the remainder when 47286 is divided by 23.
21
What is the remainder when 210018 is divided by 1591?
6
Calculate the remainder when 601975 is divided by 204.
175
Calculate the remainder when 14132 is divided by 179.
170
What is the remainder when 3429 is divided by 171?
9
Calculate the remainder when 2953 is divided by 266.
27
Calculate the remainder when 4898 is divided by 327.
320
Calculate the remainder when 64478 is divided by 49.
43
What is the remainder when 3042 is divided by 133?
116
What is the remainder when 4880 is divided by 4251?
629
Calculate the remainder when 2814 is divided by 109.
89
Calculate the remainder when 5098 is divided by 1692.
22
Calculate the remainder when 31344 is divided by 2848.
16
What is the remainder when 118989 is divided by 39663?
0
What is the remainder when 18837 is divided by 5?
2
What is the remainder when 169 is divided by 160?
9
What is the remainder when 1043819 is divided by 353?
351
What is the remainder when 10842 is divided by 61?
45
Calculate the remainder when 956 is divided by 77.
32
What is the remainder when 4205122 is divided by 9?
7
What is the remainder when 260926 is divided by 22?
6
Calculate the remainder when 7813 is divided by 200.
13
Calculate the remainder when 4832 is divided by 513.
215
Calculate the remainder when 6713 is divided by 162.
71
Calculate the remainder when 1150 is divided by 569.
12
What is the remainder when 24818 is divided by 110?
68
What is the remainder when 82799 is divided by 225?
224
Calculate the remainder when 13403 is divided by 1124.
1039
What is the remainder when 32962 is divided by 277?
276
Calculate the remainder when 23154 is divided by 1804.
1506
What is the remainder when 2907972 is divided by 105?
102
What is the remainder when 1051 is divided by 377?
297
What is the remainder when 4481 is divided by 418?
301
Calculate the remainder when 11922 is divided by 5654.
614
What is the remainder when 1861 is divided by 951?
910
Calculate the remainder when 619 is divided by 30.
19
What is the remainder when 1568 is divided by 463?
179
What is the remainder when 24881 is divided by 754?
753
Calculate the remainder when 7019 is divided by 62.
13
Calculate the remainder when 1411 is divided by 412.
175
What is the remainder when 3585 is divided by 213?
177
Calculate the remainder when 818 is divided by 514.
304
Calculate the remainder when 3367 is divided by 733.
435
Calculate the remainder when 339186 is divided by 169590.
6
What is the remainder when 37755 is divided by 878?
1
Calculate the remainder when 13338 is divided by 104.
26
Calculate the remainder when 108353 is divided by 54165.
23
What is the remainder when 780951 is divided by 44?
39
Calculate the remainder when 27055 is divided by 8207.
2434
What is the remainder when 1360 is divided by 1358?
2
What is the remainder when 17713 is divided by 97?
59
Calculate the remainder when 4332 is divided by 2132.
68
What is the remainder when 17815 is divided by 119?
84
What is the remainder when 10293 is divided by 2348?
901
Calculate the remainder when 56858 is divided by 702.
698
Calculate the remainder when 1884 is divided by 919.
46
What is the remainder when 28596 is divided by 260?
256
What is the remainder when 281888 is divided by 215?
23
Calculate the remainder when 19383 is divided by 493.
156
Calculate the remainder when 1905 is divided by 129.
99
What is the remainder when 92502 is divided by 35?
32
What is the remainder when 23285 is divided by 28?
17
Calculate the remainder when 14354 is divided by 194.
192
What is the remainder when 3867 is divided by 38?
29
What is the remainder when 958 is divided by 187?
23
What is the remainder when 6045 is divided by 509?
446
What is the remainder when 1043 is divided by 32?
19
Calculate the remainder when 7231 is divided by 143.
81
Calculate the remainder when 85845 is divided by 28610.
15
Calculate the remainder when 50183 is divided by 16647.
242
Calculate the remainder when 27665 is divided by 27.
17
Calculate the remainder when 3333 is divided by 407.
77
What is the remainder when 2229 is divided by 327?
267
Calculate the remainder when 52071 is divided by 46.
45
What is the remainder when 965 is divided by 58?
37
Calculate the remainder when 6769 is divided by 56.
49
Calculate the remainder when 15195 is divided by 277.
237
Calculate the remainder when 281673 is divided by 3912.
9
Calculate the remainder when 7261 is divided by 188.
117
What is the remainder when 1242735 is divided by 414225?
60
What is the remainder when 29583 is divided by 140?
43
What is the remainder when 353232 is divided by 870?
12
Calculate the remainder when 1475 is divided by 195.
110
What is the remainder when 158642 is divided by 2600?
42
Calculate the remainder when 195032 is divided by 2.
0
What is the remainder when 124713 is divided by 1133?
83
What is the remainder when 3870 is divided by 3869?
1
What is the remainder when 1404 is divided by 16?
12
What is the remainder when 212995 is divided by 75?
70
Calculate the remainder when 35 is divided by 1.
0
What is the remainder when 182638 is divided by 30?
28
What is the remainder when 9411 is divided by 3133?
12
What is the remainder when 615990 is divided by 639?
633
What is the remainder when 993711 is divided by 718?
717
What is the remainder when 1600 is divided by 437?
289
What is the remainder when 113218 is divided by 11320?
18
What is the remainder when 1948 is divided by 72?
4
Calculate the remainder when 656849 is divid